1810. Calculate u(25).
65
Let l(y) = 207*y**2 + 719*y - 74. Calculate l(-4).
362
Let d(t) = 3*t**3 - 6*t**2 - 236*t + 1050. Calculate d(5).
95
Let q(g) = -32*g**2 + 1446*g - 217. What is q(45)?
53
Let f(y) = 2*y**2 - 354*y - 9888. What is f(-24)?
-240
Let w(n) = -352*n + 42635. Determine w(122).
-309
Let x(v) = v**3 + 286*v**2 - 19948*v + 1386. Give x(-344).
10
Let t(a) = -796*a + 12906. Give t(15).
966
Let g(o) = o**3 - 91*o**2 - 191*o - 39. Calculate g(93).
-504
Let u(v) = -7*v**3 - 42*v**2 - 545*v - 3297. Calculate u(-6).
-27
Let s(x) = -x**3 + 22*x**2 - 79*x + 460. Determine s(19).
42
Let l(i) = -58*i**2 - 346*i - 280. Give l(-5).
0
Let y(j) = -j**3 - 164*j**2 + 160*j - 276. Give y(-165).
549
Let y(x) = x**3 - 2*x**2 - 3164*x + 60250. Give y(43).
7
Let s(n) = 1933*n + 1403. What is s(-1)?
-530
Let g(j) = j**3 - 142*j**2 - 46*j - 13835. What is g(143)?
36
Let w(n) = -35*n**2 - 1293*n + 38. What is w(-37)?
-36
Let n(j) = -j**3 + 1431*j**2 - 124409*j - 33474. Give n(1338).
-24
Let p(f) = 2*f**3 + 338*f**2 + 6462*f + 21. What is p(-22)?
153
Let p(q) = 11*q**2 + 157*q + 1179. What is p(-7)?
619
Let g(p) = -5101*p + 617221. Determine g(121).
0
Let m(p) = -20*p**2 + 1019*p - 4557. Give m(46).
-3
Let m(x) = 18*x + 3731. What is m(-265)?
-1039
Let g(a) = a**2 + 242*a - 5050. Give g(-274).
3718
Let g(b) = 130*b**2 + 397*b - 58. Determine g(-3).
-79
Let t(b) = -163*b + 18918. Calculate t(116).
10
Let r(z) = 2*z**2 + 351*z + 15142. Determine r(-91).
-237
Let f(m) = m**3 + 374*m**2 - 712*m - 63. Determine f(2).
17
Let s(t) = 1052*t**3 - 11*t**2 - 3*t. Give s(-1).
-1060
Let d(o) = o**3 - 13*o**2 + 29*o - 1236. Determine d(16).
-4
Let n(s) = -s**2 - 3029*s - 230389. What is n(-78)?
-211
Let k(d) = 4*d**3 - 253*d**2 + 70*d - 579. Determine k(63).
-138
Let m(r) = -17*r**2 + 676*r + 1427. Determine m(-2).
7
Let l(b) = -5*b**3 - 52*b**2 - 81*b - 94. Calculate l(-9).
68
Let p(q) = -35*q**2 - 639*q - 760. Give p(-17).
-12
Let l(p) = -19585*p + 176260. Give l(9).
-5
Let r(i) = -2*i**3 - 391*i**2 - 176*i + 3709. Give r(-195).
4
Let z(g) = 3*g**3 - 13*g**2 + 45*g - 274. Give z(7).
433
Let y(g) = 21775*g + 435487. Give y(-20).
-13
Let m(i) = 13*i**2 + 5013*i - 10063. Calculate m(2).
15
Let q(n) = 4956*n - 252763. Calculate q(51).
-7
Let m(c) = -44*c + 824. Give m(18).
32
Let y(d) = 144*d + 12531. Give y(-88).
-141
Let p(c) = -8*c**2 + 1207*c + 43431. What is p(-30)?
21
Let p(a) = -2*a**3 + 1105*a**2 - 10864*a + 143. Give p(10).
3
Let a(o) = 307942*o + 307948. Calculate a(-1).
6
Let h(x) = -3*x**3 + 209*x**2 + 5819*x + 454. What is h(91)?
-1
Let v(y) = -39764*y - 238554. Give v(-6).
30
Let m(u) = -23*u**2 - 926*u + 14. What is m(-41)?
-683
Let q(a) = -11748*a - 270198. What is q(-23)?
6
Let j(p) = 25341*p + 455590. Determine j(-18).
-548
Let b(d) = 244447*d + 26644715. Give b(-109).
-8
Let y(b) = 5*b**3 - 15*b**2 + 5762*b - 23116. Calculate y(4).
12
Let t(m) = -2*m**2 + 519*m + 26000. Give t(-43).
-15
Let f(z) = -z**2 + 289*z + 12827. What is f(-39)?
35
Let t(w) = -w**3 - 26*w**2 - 48*w + 1051. Determine t(-24).
1051
Let q(u) = -8862*u - 70897. Calculate q(-8).
-1
Let i(v) = v**3 + 9*v**2 - 2*v - 63. Calculate i(-6).
57
Let a(l) = -8082*l - 1519641. Give a(-188).
-225
Let n(r) = -r**2 - 131*r + 2910. Give n(18).
228
Let p(n) = -n**3 + 26*n**2 - 13*n + 7. Calculate p(19).
2287
Let o(r) = -26942*r**2 - 17*r - 4. Calculate o(0).
-4
Let p(z) = 205*z - 49409. What is p(241)?
-4
Let i(k) = k**3 - 223*k**2 - 1259*k + 375933. What is i(221)?
12
Let q(y) = y**3 - y**2 + 59*y - 322. Determine q(0).
-322
Let s(h) = -665*h + 1025430. Calculate s(1542).
0
Let v(r) = -924*r - 14734. Determine v(-16).
50
Let s(v) = -4138*v - 678642. Give s(-164).
-10
Let x(n) = 2*n**3 + 90*n**2 + 178*n - 319. What is x(-43)?
-577
Let v(q) = 18*q**3 - 724*q**2 + 866*q - 318. Calculate v(39).
-6
Let n(g) = -38623*g - 47. Calculate n(0).
-47
Let i(q) = -q**2 - 908*q + 131452. Determine i(127).
7
Let v(n) = n**2 - 17674*n + 5092638. Determine v(293).
5
Let j(v) = 2*v**3 - 285*v**2 - 433*v + 234. Determine j(144).
90
Let j(x) = 2*x**2 - 1181*x - 81240. Determine j(-62).
-330
Let s(v) = -2*v**3 + 612*v + 45. What is s(0)?
45
Let j(d) = 4*d**2 + 2665*d - 177446. Determine j(61).
3
Let w(v) = -v**3 + 767*v**2 + 1852*v - 3166016. Calculate w(764).
0
Let w(h) = 16*h**3 + 6753*h**2 + 495*h + 30807. Calculate w(-422).
1
Let v(s) = 263*s + 21912. Give v(-90).
-1758
Let p(i) = 2*i**2 - 86*i - 1448. Give p(-15).
292
Let o(t) = -t**3 - 101*t**2 - 290*t + 612. Calculate o(-98).
220
Let x(d) = -d**2 + 106*d + 16623. Give x(-86).
111
Let w(x) = 5*x**2 - 139*x + 704. Calculate w(17).
-214
Let j(f) = -2403*f + 9585. What is j(4)?
-27
Let j(l) = 10*l**3 + 76*l**2 - 179*l. Determine j(-9).
477
Let t(m) = -57*m**2 + 42*m + 260. Determine t(-5).
-1375
Let q(g) = 13322*g + 53756. Calculate q(-4).
468
Let z(n) = 32590*n + 41226352. Calculate z(-1265).
2
Let g(r) = -578884*r + 12735450. Give g(22).
2
Let t(q) = -171*q**2 - 65663*q + 388. Give t(-384).
4
Let f(u) = -u**3 - 60*u**2 + 92*u - 375. What is f(-62)?
1609
Let v(k) = -200*k**3 + 5*k**2 - 25*k - 77. Give v(-2).
1593
Let f(i) = 43*i**2 - 9353*i + 46725. Determine f(5).
1035
Let v(i) = -i**3 - 94*i**2 - 280*i - 338. Calculate v(-91).
299
Let c(w) = 102*w**2 + 20*w - 372. Give c(6).
3420
Let y(k) = 27*k**2 + 3497*k + 1735. Determine y(-129).
-71
Let f(d) = 7*d**2 + 200*d - 1244. Give f(7).
499
Let v(k) = -k**3 + 464*k**2 - 53803*k + 6326. Calculate v(225).
26
Let x(c) = -2782*c**2 + 25038*c + 7. Give x(9).
7
Let w(k) = -2876*k + 146638. What is w(51)?
-38
Let n(p) = -p**2 + 913*p - 45591. Give n(53).
-11
Let j(t) = -31847*t - 19. Give j(0).
-19
Let y(h) = -65*h**2 - 2852*h + 344. Give y(-44).
-8
Let i(b) = 454*b + 21786. Give i(-48).
-6
Let t(l) = 8*l**3 - 71*l**2 + 66*l - 74. Give t(8).
6
Let x(p) = -371*p**3 - 10*p**2 + 320*p - 629. Give x(2).
-2997
Let b(w) = 110609*w - 995711. Calculate b(9).
-230
Let l(c) = 6*c**2 - 565*c + 8271. What is l(18)?
45
Let g(u) = 9*u**3 + 93*u**2 + 75*u + 25. Calculate g(-10).
-425
Let n(m) = m**2 - 103583*m + 23977427. What is n(232)?
-5
Let c(r) = 2*r**3 + 30*r**2 + 47*r + 457. What is c(-15)?
-248
Let f(m) = -59*m**3 - m**2 - 40*m - 37. Give f(-1).
61
Let l(j) = 6*j**3 + 6*j**2 + 23*j + 34. What is l(-2)?
-36
Let n(f) = -121796*f + 10230865. Give n(84).
1
Let m(b) = b**2 + 62619*b - 501048. What is m(8)?
-32
Let a(y) = 17*y - 2613. Give a(7).
-2494
Let z(f) = 159*f - 1972. Calculate z(15).
413
Let w(q) = 324*q - 70944. Give w(219).
12
Let c(b) = 133168*b + 532707. Give c(-4).
35
Let d(b) = -2*b**3 - 463*b**2 - 621*b + 15874. Calculate d(-230).
4
Let m(d) = 20*d**3 + 400*d**2 - 4484*d + 6. Give m(8).
-26
Let y(j) = -10642*j + 74383. Calculate y(7).
-111
Let l(z) = 2*z**2 - 92*z - 8428. Calculate l(92).
36
Let p(l) = -l**3 - 16*l**2 - 765*l - 12238. What is p(-16)?
2
Let b(i) = -20454*i - 20760814. Determine b(-1015).
-4
Let t(h) = 105*h - 4946. Calculate t(48).
94
Let t(r) = 19810*r + 39616. What is t(-2)?
-4
Let t(a) = a**3 - 36*a**2 + 380*a - 12483. Calculate t(36).
1197
Let d(b) = -656*b + 438149. Determine d(668).
-59
Let x(y) = 7656*y + 160819. What is x(-21)?
43
Let m(u) = -u**3 - 23*u**2 + 110*u + 3587. What is m(-17)?
-17
Let p(y) = 190*y + 3094. Determine p(-17).
-136
Let b(q) = -2*q**3 - 3116*q**2 - 191223*q + 574. What is b(-64)?
-2
Let x(n) = -n**3 + 12*n**2 - 2115*n + 20880. Determine x(10).
-70
Let o(j) = j**3 - 62*j**2 - 57*j + 31523. Determine o(51).
5
Let u(x) = x**3 - 43*x**2 - 945*x + 4353. Determine u(58).
3
Let p(i) = 13*i**2 - 419*i - 325. What is p(33)?
5
Let s(f) = -36624*f + 8313625. Give s(227).
-23
Let r(g) = 185364*g - 2039004. Calculate r(11).
0
Let b(v) = -85*v**2 + 4752*v - 21227. Determine b(51).
40
Let j(w) = 11083*w - 233338. Calculate j(21).
-595
Let c(u) = -u**3 - 3638*u**2 - 79548*u + 80. Calculate c(-22).
-8
Let r(d) = -d**3 - 15*d**2 + 125*d - 1038. Determine r(11).
-2809
Let k(b) = b**3 + 1520*b**2 + 12045*b - 71. Determine k(-8).
337
Let p(c) = -2*c**3 + 166*c**2 - 2965*c - 3. Give p(26).
-29
Let n(q) = -62981*q - 2141364. Calculate n(-34).
-10
Let w(i) = 4721*i - 9409. Calculate w(2).
33
Let q(u) = -u**2 + 8105*u + 89213. Give q(-11).
-63
Let b(n) = 32*n**2 + 1495*n + 93. Give b(-48).
206